2*v + s*r. Calculate the highest common factor of v and 33.
11
Let c = 11 + -4. Suppose -2*i + c*i - 140 = 0. Calculate the highest common factor of i and 4.
4
Let f be (-2 - -5) + (-3 - -2). Suppose -f*s + 5*r = -309, 5*s = r + 4*r + 765. What is the highest common divisor of 19 and s?
19
Suppose -42 = 13*p - 15*p. What is the greatest common factor of p and 7?
7
Let s = -6 + 10. Suppose -2*g = 5*q - 66, 0 = -g - 0*g + 3*q + 22. What is the highest common divisor of g and s?
4
Let c(p) = 235*p - 1. Let k be c(1). What is the greatest common factor of 26 and k?
26
Suppose 3*m + 5*u + 33 = 0, -2*m - 3*u - 15 = -m. Let s = m + 9. Suppose 8 = k + x, -s*k - x + 42 = 10. What is the greatest common divisor of k and 12?
12
Suppose 38 + 52 = 3*f. Let l be -2*1 + 2 - -6. What is the greatest common factor of f and l?
6
Suppose 0 = -0*w + 4*w - 108. Suppose d + 0 = 9. Calculate the greatest common factor of w and d.
9
Let j = -25 - -43. What is the greatest common divisor of j and 288?
18
Suppose -x = -3*m + 109, -5*x = -3*m - x + 112. Let v(q) = 6*q**2 + 2*q + 2. Let s be v(-4). What is the greatest common divisor of s and m?
18
Let r = 1 + 3. Suppose -98 = -r*s - 0*q + 2*q, -5*q = 25. Suppose -i + s = i. What is the highest common divisor of 99 and i?
11
Suppose -v - 5*a + 0 = -1, -4*a = 8. Let w(m) = -3*m**3 - 4*m**2 - 3*m - 1. Let h be w(-3). Let s = 86 - h. What is the highest common factor of v and s?
11
Suppose 170 - 38 = 3*x - 3*d, -2*x + 3*d + 86 = 0. What is the greatest common divisor of x and 23?
23
Suppose -3*u + 5 = -3*n + n, 3*u = 9. Suppose n*l - 6*l - 88 = 0. Let r = l + 32. What is the greatest common divisor of 5 and r?
5
Let h be (1 - (-11 - -2))*2. Let y(u) = 3*u**2 + u + 2. Let k be y(-1). What is the highest common divisor of h and k?
4
Let j(m) = -m**2. Let v be j(-1). Let r be v*(-176 + 2 + -2). Calculate the highest common divisor of 16 and r.
16
Let o(q) = q + 14. Let c be o(-8). Let a(z) = z**2 + 4*z - 11. Let r be a(-9). Let f be (-2)/((-4)/r) + 1. What is the highest common divisor of f and c?
6
Let b(m) = -m**3 - 7*m**2 - 7*m + 5. Let a be ((-2)/(-2))/((-3)/18). Let p be b(a). Calculate the highest common factor of 88 and p.
11
Let i = 3 + 3. Suppose -10*v + 318 = -162. Calculate the greatest common divisor of v and i.
6
Suppose -11*w + 53 = -68. Calculate the highest common divisor of w and 319.
11
Let r(g) = -11*g - 36. Let a be r(-9). Calculate the greatest common factor of a and 7.
7
Let g(x) = 3*x**2 + 4*x + 2. Let u(s) = s**3 - 3*s**2 - 2*s + 4. Let m be u(3). Let w be g(m). Calculate the highest common factor of 54 and w.
6
Let b(w) = -w**2 - 13*w - 10. Let f be b(-12). Let q be (1 - (-2 - -1)) + f. Calculate the greatest common factor of q and 20.
4
Let l(f) = 3*f - 3. Let d be l(7). Suppose d = -0*t + t - 3*g, -26 = -3*t + 2*g. Calculate the greatest common divisor of 18 and t.
6
Let f(g) = 5*g**2 + 1. Let a be f(-1). What is the greatest common divisor of a and 54?
6
Suppose 4*g - 56 = -0*g. Suppose -100*z = -89*z - 1386. What is the highest common divisor of z and g?
14
Suppose 5*r - 5 - 10 = 0. Calculate the greatest common factor of 1 and r.
1
Let z(m) = -m**3 + m**2 + 4. Let c be z(0). What is the greatest common factor of 36 and c?
4
Let y = 14 - 16. Let j = y - -11. Calculate the highest common divisor of j and 63.
9
Suppose 5*d + 0 = 5. Suppose -d = -3*l + x + 5, 3*x - 6 = -3*l. Calculate the highest common divisor of l and 14.
2
Suppose 3*k - 3 = -6*u + 4*u, 2*u - 5 = -5*k. Suppose 0 = 5*d + 3*g - 4*g - 1, -4*g = 3*d - 19. What is the greatest common divisor of k and d?
1
Suppose 0 = -5*i - 103 + 313. Suppose 0*d - j = d - 14, -70 = -5*d + 5*j. Calculate the highest common divisor of i and d.
14
Let v = 1 - 0. Suppose -2*d - 3*p - 24 = d, -d + 3*p + 12 = 0. Let y = d - -7. Calculate the highest common divisor of v and y.
1
Suppose 4*v - 120 = 3*w, -2*v - 3*v + w = -161. What is the highest common factor of 11 and v?
11
Suppose 2*m + 306 = 4*f, 5*f + 3*m + m = 402. Calculate the greatest common divisor of 52 and f.
26
Let p = 19 - 17. What is the highest common factor of p and 3?
1
Let w = -16 + 26. Let o(b) = 5*b + 10. Let d be o(3). What is the highest common divisor of w and d?
5
Let s = 3 - -2. Let c = -1 + s. Suppose t - 3*d + 12 = 2*t, -c*t + 21 = 3*d. What is the greatest common factor of 27 and t?
3
Let t be (8 - 6)/(2/28). What is the greatest common divisor of t and 196?
28
Suppose 5*y - 164 = -19. Let l = -21 + y. Let o be -2 + 2 - -2 - -70. What is the greatest common divisor of l and o?
8
Let f(w) = 2*w**2 - 5*w. Let o be f(3). Calculate the highest common divisor of o and 6.
3
Let d = 0 - 4. Let x be (-134)/(-8) - (-3)/d. Let r be 228/14 + x/(-56). Calculate the greatest common factor of 48 and r.
16
Let s be (-19 - -9)/(-1 + -1). What is the highest common factor of 45 and s?
5
Let a(u) = -u**2 + 13*u + 2. Let v(f) = f**2 - 14*f - 3. Let b(s) = 5*a(s) + 4*v(s). Let g be b(7). Calculate the highest common divisor of g and 30.
6
Let a(d) = d - 6*d + 3*d + 1. Let f be a(8). Let t be ((-18)/f)/(4/10). What is the greatest common divisor of 24 and t?
3
Let a be 6*((-1 - 1) + 3) + 2. What is the greatest common factor of 12 and a?
4
Let z = 3 + 6. Let g be ((-12)/(-8))/(2/12). Calculate the highest common factor of z and g.
9
Let a be (-21 + 3)*30/(-9). Suppose q = a - 0. Calculate the highest common divisor of q and 40.
20
Suppose 2*g - 16 = -2*g. Suppose 9*t - g*t - 30 = 0. Calculate the highest common factor of 4 and t.
2
Let z be (-56)/(-3)*9/6. What is the greatest common divisor of 308 and z?
28
Let b(i) = i**2 + 5*i + 12. Let p be b(-9). What is the greatest common factor of p and 12?
12
Let j(g) = -g - 8*g + 2*g - 1 + g. Let c be j(-1). Let t be (2/3)/(c/60). What is the highest common divisor of 72 and t?
8
Suppose 4*m - 72 + 0 = 0. What is the highest common divisor of 45 and m?
9
Let g(n) = n**3 - n**2 - n. Let y be g(0). Let c = y + 4. Suppose 247 = 3*p + s + s, -c*p = 5*s - 320. What is the greatest common factor of 34 and p?
17
Let b be (9/(-12))/(1/(-136)). Let c be (4/(-2))/((-4)/b). Let j(o) = 3*o**2 + 7*o + 14. Let s be j(-4). What is the greatest common divisor of s and c?
17
Let z be 10/5 + 2/((-4)/(-14)). Let a be (-9)/2*(-12)/9. What is the highest common divisor of a and z?
3
Suppose 119 + 406 = 5*r. What is the highest common factor of r and 21?
21
Let t be (-170)/(-14) + 0 + 6/(-42). What is the greatest common divisor of 18 and t?
6
Let w(l) = -l**3 - 7*l**2 - l - 5. Let g be w(-7). Suppose -g*c = -c - 11. What is the greatest common divisor of 99 and c?
11
Let s be (9/15)/((-2)/(-30)). Let b(d) = 10*d - 2. Let t be b(2). What is the highest common factor of s and t?
9
Suppose 0 = -2*t + 4*o - 10, -4*t - t + 7 = -2*o. Calculate the highest common factor of t and 33.
3
Let f = -99 + 187. What is the highest common factor of 4 and f?
4
Let r = -13 - -24. Let i be (-363)/(-2)*18/27. Calculate the greatest common divisor of i and r.
11
Suppose 5*f = 352 - 22. What is the greatest common divisor of f and 22?
22
Let x = 14 - -4. Let o = x + -10. What is the highest common divisor of 4 and o?
4
Let y be (-25)/(-2) + 1/4*-2. Calculate the highest common factor of 96 and y.
12
Let b(c) = 3*c**3 - 2*c**2 - c + 2. Let j be b(2). Let f(w) = w**3 + 9*w**2 - 9*w + 8. Let m be f(-8). What is the highest common divisor of j and m?
16
Let y(o) = 118*o**2 + o + 2. Let z be (1/(-2))/((-1)/(-2)). Let q be y(z). What is the greatest common factor of q and 17?
17
Let x(m) = 22*m + 11. Let r be x(4). Calculate the greatest common divisor of r and 66.
33
Let i be (-1718)/(-6) - (-5)/(-15). Calculate the greatest common divisor of 26 and i.
26
Let h be (-4)/(-2) + 4/2. Suppose -2*r = -3*q + r + 21, -3*q + 20 = -h*r. Let v = q + -5. Calculate the highest common factor of 12 and v.
3
Let b(n) = -5*n + 28. Let g be b(0). What is the greatest common factor of 70 and g?
14
Let v(i) = i + 5. Let a be v(-6). Let l be 1 - (a - 1)*8. Suppose 0 = 5*r + 4*o - 186, 4*o = 2*r + 3*r - 154. Calculate the highest common divisor of r and l.
17
Let u(i) = 2*i + 1. Suppose -6*w = -w - 15. Suppose 21 = w*l + 4*q, 6 = 3*l - 2*q + q. Let a be u(l). What is the greatest common factor of a and 1?
1
Suppose 5*h = 5